*h - 351 - 254 = -5*o. What are the prime factors of o?
11
Let y = 758 + -751. Suppose 3*v - 30 = 5*v. Let o = y - v. What are the prime factors of o?
2, 11
Let w = -11 + 13. Suppose 0 = 4*u + 2*t - 38, -2*t + 17 = w*u - 3. Suppose u = 4*d - d. List the prime factors of d.
3
Let y(g) = -g**3 + g**2 + 9. Let a be y(0). Suppose a*c = 472 + 473. List the prime factors of c.
3, 5, 7
Suppose -2*u = -3*h + 3 - 5, 5*h - 3*u + 3 = 0. Suppose 3*d - 8*d + 3*n + 1126 = h, 0 = -4*d + n + 905. What are the prime factors of d?
227
Let y(m) = -10*m**3 + 2*m**2 - 3*m + 5. Let j be y(-3). Let i = j - 150. List the prime factors of i.
2, 19
Let c(f) be the second derivative of -f**3/6 - 3*f**2 - 2*f. Let m be c(0). Let o(p) = p**3 + 6*p**2 - 10*p - 7. What are the prime factors of o(m)?
53
What are the prime factors of (-123)/492 - (0 + (-3642)/8)?
5, 7, 13
Suppose -336 = -v - 40. Suppose -v = 15*o - 17*o. List the prime factors of o.
2, 37
Suppose 0 = 5*j - 0*j + 405. Let i be j/((-1)/6*3). Suppose -9*m + 3*m = -i. List the prime factors of m.
3
Suppose -1174 = 5*g + 486. Let w = g + 597. List the prime factors of w.
5, 53
Suppose 2217 - 123 = 3*l. What are the prime factors of l?
2, 349
Let f(k) = -4*k - 34. Let x be -16 + 0 + (-3)/3. List the prime factors of f(x).
2, 17
Let s = 19 - 15. Suppose -3*c + 22 + 0 = a, -a - s*c + 21 = 0. Suppose -4*w = -v - a - 26, -4*v + 20 = 0. What are the prime factors of w?
2, 7
Suppose 8*a = 7*a - 36. What are the prime factors of (-1215)/a + (-6)/8?
3, 11
Let b = 1152 + 1100. What are the prime factors of b?
2, 563
Let m = 686 + 2603. List the prime factors of m.
11, 13, 23
Suppose 19*k = 15*k + 16. List the prime factors of 87/k - (-9)/36.
2, 11
Let c(p) = p**3 - 8*p**2 - 3*p - 3. Let x be c(6). Let t(v) = -17*v - 1. Let s be t(2). Let r = s - x. List the prime factors of r.
2, 29
Let s(i) = -18*i - 6. Let x be s(-6). Let y = -32 + 34. Suppose -y*j + 4*j = x. What are the prime factors of j?
3, 17
Suppose -2*h - 3*m + 7 = -0*h, 0 = 2*h - 3*m - 1. Suppose -159 = -o - h*o. What are the prime factors of o?
53
Suppose 7*c - 7834 = 5291. List the prime factors of c.
3, 5
Let j = -14 - -17. Suppose 0 = -2*c - 17 + j. List the prime factors of (2/(-6))/(c/294).
2, 7
Suppose -13 - 3 = 2*l - 4*k, -4*l + 4 = k. Let d be (2/4 - 0)*-4. List the prime factors of (2 - l)/(d/(-11)).
11
Let m(g) = -3*g**2 + 16*g - 5. Let b be m(8). Let t = 310 + b. List the prime factors of t.
241
Let p(u) = -u**2 + 7*u + 4. Let x be p(6). What are the prime factors of (-2)/(-10) - (-308)/x?
31
Suppose 7 - 52 = -5*s. Suppose 23 = 4*a - s. List the prime factors of a.
2
Let m = 72 - 69. Suppose -3*d - 3*p = -42, 0 = -m*d + 2*p + 2*p + 56. What are the prime factors of d?
2
Let t(h) = -820*h + 10. What are the prime factors of t(-1)?
2, 5, 83
Let q be 4/18 + (-40)/18. Let p be 50/6 - 20/15. What are the prime factors of q*((-196)/8)/p?
7
Suppose -10*s + 30 + 10 = 0. List the prime factors of 1*(0 - -123 - (3 - s)).
2, 31
Let l(m) = 187*m - 496. List the prime factors of l(23).
5, 761
Suppose -3*r = 5*u - 1143, 287 = -5*r - 3*u + 2192. List the prime factors of r.
3, 127
Let p be ((-3)/12 - (-810)/8) + -4. Suppose 2*s - 395 - p = 0. List the prime factors of s.
2, 3, 41
Suppose 0 = s + 4*z - 45, z = 3*z - 6. Let v be 10/6*2508/110. Let t = v - s. What are the prime factors of t?
5
Suppose -5*d + 4*d = 2*z - 3, -4*z - 14 = -2*d. Let x be d/((-20)/8) - -95. Suppose 4*t - 27 + 9 = -w, 3*w - t = x. List the prime factors of w.
2, 3, 5
Let p be 3/((3/(-1))/(-3)). Suppose -p*y + 40 = -7*y. Let h = y + 20. List the prime factors of h.
2, 5
Let s = 3 + 4. Let k = -180 + 195. Suppose k = f - s. List the prime factors of f.
2, 11
Let x(f) = f**2 + 2*f - 5. Let w be x(-4). Suppose 2*g = w*s + 3, 4*s + 5 = -3*g - s. Suppose g = -c, -4 = -v - c + 3. List the prime factors of v.
7
Suppose 0*i + 96 = 3*i. Let z be (-7)/(70/4) + (-324)/(-10). Suppose 4*l = i + z. What are the prime factors of l?
2
List the prime factors of 23276/10 + 91/65.
17, 137
Let s(o) = o**3 - o - 1. Let r be s(-2). Let b = r - -15. What are the prime factors of b?
2
Suppose 5*a = -2*z + 37, 2*a - 3 = -z + 13. Suppose o = 5*t - 4 - 11, 2*t - 6 = o. Suppose 5*m = t*g + 73, -4*m - z*g + 53 = -3*g. List the prime factors of m.
2, 7
Let m(a) = a**3 + 14*a**2 + 13*a + 18. What are the prime factors of m(-10)?
2, 3
Suppose 3*s - 3*i - 443 = s, -5*i = 5*s - 1095. Suppose 6*w = 74 + s. List the prime factors of w.
7
Let p(z) = 45*z**2 - 7*z - 10. Let m be p(-4). Suppose 0 = 5*t - 302 - m. List the prime factors of (-3)/(-9) - t/(-6).
5, 7
Let u = 1079 + -562. What are the prime factors of u?
11, 47
Let y(b) = b + 4. Let q(x) = x**3 - 9*x**2 - 2. Let k be q(9). What are the prime factors of y(k)?
2
Suppose 7*g - 44 = 3*g. Suppose 0 = g*t + 412 - 2513. What are the prime factors of t?
191
Let v = 2 + 22. Suppose v = -5*x + 59. Let u(m) = -m**2 + 8*m. List the prime factors of u(x).
7
Let o = 127 - -76. Suppose -3*c + 205 = -o. What are the prime factors of c?
2, 17
List the prime factors of (364/(-35))/(((-64)/(-3540))/(-8)).
2, 3, 13, 59
Let h(t) = -25*t + 177. What are the prime factors of h(-28)?
877
Suppose -13*q + 12*q + 173 = 0. Suppose 3*i = -2*w + w + 169, -3*i + q = 2*w. List the prime factors of i.
5, 11
Suppose 13*m - 106*m + 390693 = 0. List the prime factors of m.
4201
Let b(y) be the third derivative of 5*y**4/12 - 16*y**3/3 + y**2. List the prime factors of b(11).
2, 3, 13
Suppose 5*t - 21125 = 5*w, 3 = w + 2*w. List the prime factors of t.
2, 2113
Let o(j) be the third derivative of -j**4/24 + j**3/3 - 6*j**2. Let r be o(10). Let k = -2 - r. What are the prime factors of k?
2, 3
Let f(l) = -l**3 - l**2 - l - 1. Let n(r) = -7*r + 2. Let y(v) = -2*f(v) + n(v). Let a be y(2). Suppose 2 = -4*k + a. List the prime factors of k.
2
Let b(w) = 23*w**2 - 30*w + 4. What are the prime factors of b(4)?
2, 3, 7
What are the prime factors of ((-2 - 37) + -2)/(18/(-72))?
2, 41
Let h = -73 + -21. Let x be h/(-18) - 18/81. Suppose -4*z + 29 = x*f - 111, -z + 14 = -4*f. What are the prime factors of z?
2, 3, 5
Let u(s) = s**2 + 3*s - 2. Let g be u(1). Suppose 604 = 4*i + g*n, i - 2*n = 28 + 128. What are the prime factors of i?
2, 19
What are the prime factors of (-2439)/(4 + -2 + -1 - 2)?
3, 271
What are the prime factors of 27/(-36) + ((-543972)/(-16))/11?
2, 3, 5, 103
Let z(k) = 3*k + 3. Let c be z(0). Suppose -c*y = -4*y + 41. What are the prime factors of y?
41
Suppose -3*s - 4*i + 1077 = 0, -4*i = 2*s - 273 - 449. List the prime factors of s.
5, 71
Let s be (-4)/(-26) + (1104/(-78) - -3). Let u(x) = -4*x + 26. List the prime factors of u(s).
2, 5, 7
Let y = -30 + 34. Suppose -5 = 5*d, 5*j + 6*d + y = 2*d. List the prime factors of j - -38 - (-4)/1.
2, 3, 7
Let f be -4 - (-7826)/28*2/1. Suppose 5*t - f = -90. List the prime factors of t.
3, 31
Let j(n) = n**2 + 40. Suppose -3*s = -1 - 8, 0 = -3*c + 4*s - 3. Suppose -3*k + 3 = -c*a, -5*k + 5 = -0. What are the prime factors of j(a)?
2, 5
Suppose -279 = -u + 10. Let y = -65 + u. What are the prime factors of y?
2, 7
What are the prime factors of ((-1153196)/40)/(-11) - (-5)/50?
2621
Suppose 4*u - 1066 = 782. List the prime factors of u.
2, 3, 7, 11
Suppose -182*j = 4*h - 183*j - 19250, -24050 = -5*h - 5*j. List the prime factors of h.
2, 3, 401
Let d(x) = x**2 + 13*x - 7. What are the prime factors of d(55)?
3733
Let c(g) = 3*g - 15. Let p be 0*(0 - (-1)/(-2)). Suppose -3*o = -p*o - 30. What are the prime factors of c(o)?
3, 5
Let t = 23 - 17. Let x(g) = -2*g**3 + 7*g + g**3 + 5*g**2 + 3 + 0 + 0. List the prime factors of x(t).
3
List the prime factors of (-4)/70 + 6036888/1540.
2, 5, 7
Suppose 4*v = -4*y - 28, -2*y + 2 = 5*v + 19. Let r be y/(-45) + 515/75. Suppose r*w = 3*w + 60. What are the prime factors of w?
3, 5
Let t = -26 - -28. Let k(d) = d**3 + d**2 + 2. Let b be k(t). Suppose 0 = 5*n - b - 96. What are the prime factors of n?
2, 11
Let a be 4136/48 + 1/(-6). Suppose 3*f - 187 - a = 0. List the prime factors of f.
7, 13
Let u be -2 + (0 - -2) + -9. Let m be u/(-2*(-2)/(-4)). Suppose 8*v + 21 = m*v. What are the prime factors of v?
3, 7
Let u be 3/6*(-168)/(-4). What are the prime factors of -1*(-6)/u - 4845/(-21)?
3, 7, 11
Let o = -882 + 4602.